of 96832 and 192.
64
Calculate the greatest common divisor of 253636 and 8.
4
Calculate the greatest common factor of 110 and 2467630.
110
Calculate the highest common divisor of 469 and 22847.
67
What is the highest common factor of 4458025 and 319?
319
Calculate the greatest common divisor of 51 and 2788.
17
What is the greatest common divisor of 585 and 27630?
45
Calculate the highest common divisor of 197 and 1216081.
197
What is the highest common divisor of 1590006 and 2?
2
What is the greatest common divisor of 373 and 119?
1
Calculate the greatest common divisor of 26054 and 63.
7
What is the greatest common factor of 98082 and 18?
18
What is the greatest common divisor of 1995 and 69027?
399
Calculate the highest common divisor of 13826 and 279.
31
What is the greatest common factor of 72087 and 33?
3
Calculate the highest common factor of 12214 and 104213.
197
Calculate the greatest common factor of 9196 and 190.
38
What is the greatest common divisor of 1920 and 1940?
20
What is the greatest common divisor of 617234 and 3073?
439
Calculate the highest common divisor of 960 and 41936.
16
What is the highest common divisor of 42 and 147567?
21
What is the greatest common divisor of 285 and 72405?
15
Calculate the greatest common factor of 66588 and 17900.
716
What is the greatest common factor of 2910928 and 172?
172
Calculate the highest common divisor of 54 and 1128654.
54
What is the highest common factor of 3381 and 8809?
23
Calculate the greatest common divisor of 6650 and 152600.
350
What is the greatest common divisor of 69465 and 11?
11
Calculate the greatest common divisor of 6 and 71272.
2
What is the greatest common divisor of 60012 and 4392?
36
What is the greatest common divisor of 13269 and 9?
3
What is the highest common factor of 13 and 63817?
13
Calculate the highest common divisor of 3660 and 350628.
732
Calculate the greatest common factor of 27 and 121479.
3
Calculate the greatest common divisor of 48 and 140016.
48
Calculate the highest common divisor of 204632 and 16.
8
What is the highest common divisor of 17941 and 2796?
233
What is the highest common factor of 4149896 and 8?
8
What is the highest common divisor of 112166 and 102?
34
Calculate the highest common divisor of 1125 and 67671.
9
Calculate the highest common factor of 10 and 277910.
10
What is the highest common factor of 80 and 2462840?
40
Calculate the greatest common divisor of 114 and 79878.
6
Calculate the highest common factor of 336148 and 532.
76
Calculate the greatest common factor of 34119 and 12.
3
Calculate the highest common factor of 106947 and 18.
9
Calculate the highest common factor of 16560 and 91440.
720
Calculate the greatest common factor of 148 and 176.
4
What is the highest common divisor of 2288 and 325424?
176
What is the greatest common divisor of 335 and 2414345?
335
Calculate the greatest common divisor of 385454 and 62.
62
Calculate the greatest common divisor of 4961 and 100573.
451
Calculate the greatest common factor of 1912 and 3376.
8
Calculate the highest common divisor of 1435 and 18245.
205
What is the greatest common factor of 1086 and 4627446?
1086
Calculate the greatest common divisor of 48 and 35376.
48
What is the greatest common divisor of 11955 and 37459?
797
Calculate the highest common factor of 13070 and 70.
10
What is the highest common factor of 4626 and 63?
9
Calculate the greatest common divisor of 3580668 and 72.
36
What is the highest common factor of 229 and 231061?
229
Calculate the highest common divisor of 23661 and 88.
11
What is the highest common factor of 93 and 26226?
93
Calculate the highest common divisor of 1067792 and 88.
88
Calculate the greatest common factor of 191760 and 2992.
272
What is the highest common divisor of 6950 and 10564?
278
What is the greatest common factor of 13314 and 426?
6
What is the highest common divisor of 113321 and 46?
23
What is the greatest common factor of 312149 and 2547?
283
Calculate the greatest common divisor of 290 and 29530.
10
Calculate the highest common factor of 51 and 102.
51
What is the highest common factor of 2136 and 11496?
24
Calculate the highest common divisor of 17000 and 100.
100
What is the greatest common divisor of 11629 and 961999?
401
Calculate the highest common divisor of 3 and 289446.
3
Calculate the greatest common factor of 4100 and 369.
41
What is the highest common factor of 139181 and 10325?
413
Calculate the highest common factor of 22158 and 1962.
18
Calculate the greatest common divisor of 54165 and 119715.
345
Calculate the greatest common factor of 109056 and 1420.
284
What is the highest common divisor of 6706 and 1141?
7
What is the highest common divisor of 16518 and 12?
6
Calculate the greatest common factor of 27 and 62208.
27
What is the greatest common divisor of 1705 and 28215?
55
Calculate the greatest common divisor of 166 and 80842.
166
Calculate the highest common factor of 645 and 1044255.
645
What is the greatest common factor of 77748 and 10659?
627
What is the highest common divisor of 827 and 710393?
827
What is the greatest common factor of 12 and 310578?
6
Calculate the highest common factor of 1558 and 3344.
38
Calculate the highest common factor of 1448 and 4525.
181
What is the highest common factor of 16 and 90224?
16
Calculate the highest common factor of 126008 and 76.
76
What is the highest common factor of 92454 and 11354?
1622
What is the highest common factor of 797761 and 29?
29
What is the greatest common divisor of 79482 and 234?
78
Calculate the greatest common factor of 378 and 984627.
63
Calculate the highest common factor of 44 and 818004.
44
What is the greatest common divisor of 12116 and 12428?
52
What is the greatest common divisor of 78140 and 20?
20
What is the greatest common factor of 79192 and 152?
152
Calculate the highest common factor of 133724 and 101.
101
What is the greatest common factor of 26236 and 7196?
28
Calculate the highest common factor of 308 and 1686916.
308
Calculate the highest common factor of 24 and 35519.
1
What is the highest common factor of 40 and 41260?
20
Calculate the greatest common divisor of 626934 and 23.
23
What is the greatest common divisor of 96 and 7131?
3
Calculate the highest common divisor of 260 and 55172.
52
What is the highest common factor of 6228 and 1422?
18
Calculate the highest common factor of 844712 and 638.
638
Calculate the highest common divisor of 2193 and 70606.
43
Calculate the greatest common divisor of 908 and 12052.
4
What is the highest common divisor of 54079 and 205?
41
Calculate the highest common factor of 256 and 11032.
8
Calculate the greatest common factor of 141202 and 1462.
34
Calculate the highest common factor of 25 and 3961.
1
Calculate the highest common divisor of 293490 and 30.
30
What is the greatest common divisor of 3805472 and 190?
38
What is the highest common factor of 3726 and 2124?
18
What is the greatest common factor of 790 and 1280?
10
What is the highest common factor of 414 and 276?
138
What is the greatest common divisor of 1140 and 2370?
30
Calculate the highest common divisor of 218 and 546308.
218
What is the greatest common factor of 134184 and 456?
24
What is the greatest common factor of 19080 and 864?
72
Calculate the greatest common divisor of 431579 and 14416.
901
What is the highest common divisor of 21025 and 275?
25
What is the highest common divisor of 37499 and 189?
7
What is the highest common divisor of 806 and 521326?
26
Calculate the highest common factor of 119401 and 31553.
139
Calculate the highest common factor of 8119 and 368.
23
What is the greatest common divisor of 156 and 178140?
12
What is the greatest common divisor of 736428 and 66?
66
What is the greatest common divisor of 14 and 5134?
2
What is the highest common divisor of 3131 and 2883?
31
Calculate the highest common divisor of 8518 and 192.
2
Calculate the highest common divisor of 6077 and 37801.
103
Calculate the highest common factor of 164444 and 1792.
28
What is the greatest common divisor of 163863 and 1323?
189
Calculate the highest common factor of 10175 and 6734.
37
What is the greatest common divisor of 12540 and 129998?
418
What is the greatest common divisor of 2 and 18946?
2
Calcul